2?
-c1c6
In base 2, what is 10 + 10110101100010010110?
10110101100010011000
In base 10, what is -29 - 2519?
-2548
In base 6, what is 22 + 1311?
1333
In base 6, what is 3121 + 1130?
4251
In base 13, what is 16 - 15207?
-151c1
In base 3, what is 21021121001 - 1?
21021121000
In base 9, what is -2456 - -11?
-2445
In base 3, what is 1000111 - 20210?
202201
In base 9, what is -2030 + 14?
-2015
In base 4, what is 2002 + 2223232?
2231300
In base 10, what is -2 - 9324?
-9326
In base 4, what is 310 - 10200?
-3230
In base 13, what is 122651 + 5?
122656
In base 12, what is 5088 - 2?
5086
In base 16, what is -4 + -20094?
-20098
In base 8, what is 5 - -1315444?
1315451
In base 5, what is 34 - 120310?
-120221
In base 10, what is 3 + 18719?
18722
In base 12, what is -13b2 + 844?
-76a
In base 3, what is -20 - -112211111112?
112211111022
In base 4, what is -1023013131 - -1?
-1023013130
In base 3, what is 100112 - 202?
22210
In base 15, what is -18da4 + 7?
-18d9c
In base 11, what is 0 + -5149?
-5149
In base 11, what is 447672 - 3?
44766a
In base 3, what is 1122100 + 21000021?
22122121
In base 8, what is 1164 + 145?
1331
In base 5, what is -2202 - 1334?
-4041
In base 9, what is -2813 + 75?
-2727
In base 13, what is -2 + -b7931?
-b7933
In base 14, what is -50a36 + 0?
-50a36
In base 13, what is -5 + 21b?
216
In base 7, what is -121045 + 43?
-121002
In base 6, what is -33 + 4531100?
4531023
In base 3, what is 0 + -2002201?
-2002201
In base 3, what is 10 + 11200102?
11200112
In base 8, what is -50424 + 167?
-50235
In base 7, what is -41 - 305?
-346
In base 16, what is ac57f - -3?
ac582
In base 12, what is 1b78 - -3?
1b7b
In base 15, what is -47cd + -3?
-47d1
In base 7, what is 330 - 554?
-224
In base 6, what is -5 - 455005?
-455014
In base 13, what is -8 - -1bcb0?
1bca5
In base 7, what is -2 - 560561?
-560563
In base 9, what is 2546113 + 5?
2546118
In base 7, what is 6 + 240453?
240462
In base 2, what is 11010 + 100111000?
101010010
In base 14, what is -5 - -b0d?
b08
In base 14, what is -171 + 26?
-149
In base 7, what is -2122044 - 5?
-2122052
In base 15, what is 21 - -dd5?
e06
In base 15, what is 1 - -15cd?
15ce
In base 8, what is -117413 - 61?
-117474
In base 13, what is 924 + -1?
923
In base 5, what is -10 + -104404303?
-104404313
In base 9, what is 21055 + -20?
21035
In base 10, what is 361 - -2094?
2455
In base 11, what is 4 + -1038?
-1034
In base 11, what is 139 - 24a?
-111
In base 6, what is 35204 + -122?
35042
In base 9, what is -18 + -303137?
-303156
In base 13, what is 1 + 2891?
2892
In base 5, what is 2 + 222041300?
222041302
In base 15, what is 2 + -4811?
-480e
In base 3, what is -1102001 + -21221?
-1200222
In base 10, what is -3 - 28124?
-28127
In base 14, what is -2 + 1628b9?
1628b7
In base 7, what is -35 + -116110?
-116145
In base 7, what is 101300530 + -4?
101300523
In base 13, what is -b - -49743?
49735
In base 4, what is -12 + -1121000?
-1121012
In base 5, what is -131021 - -3?
-131013
In base 15, what is 42 - -6b63?
6ba5
In base 9, what is 167621 + -7?
167613
In base 8, what is -43715 + 5?
-43710
In base 7, what is 5 - 563145?
-563140
In base 4, what is 111 + -3313331?
-3313220
In base 7, what is -201063 - -5?
-201055
In base 10, what is 2 + 604042?
604044
In base 14, what is 116d - 24?
1149
In base 13, what is 44 + -2853?
-280c
In base 13, what is 6 - -8bcb8?
8bcc1
In base 5, what is 10 - -311043422?
311043432
In base 3, what is 100202 + -1221000?
-1120021
In base 9, what is -17222 - -61?
-17151
In base 15, what is -3 + -88?
-8b
In base 16, what is -b0 + -15?
-c5
In base 9, what is -88308 - 8?
-88317
In base 12, what is 10 - a137?
-a127
In base 16, what is -4b16 + -8?
-4b1e
In base 4, what is 32010 - -13012?
111022
In base 13, what is 1075 + 1?
1076
In base 2, what is 1 + -100010001101011010?
-100010001101011001
In base 14, what is 0 - 3b38?
-3b38
In base 2, what is -1000100100011 + 100111?
-1000011111100
In base 15, what is 14a6 - 18d?
1318
In base 2, what is 10011111000 - 1100?
10011101100
In base 16, what is -16cc7 - 0?
-16cc7
In base 2, what is 1010 + -1000101111?
-1000100101
In base 5, what is 303 + -312134?
-311331
In base 9, what is 1 + -241486?
-241485
In base 13, what is -4 + -5446?
-544a
In base 3, what is 102201001121 - 12?
102201001102
In base 12, what is 2 + -58b0?
-58aa
In base 11, what is 861 - -163?
a14
In base 10, what is 1882 - 19?
1863
In base 14, what is -2 - -10802?
10800
In base 5, what is 13442 + 23?
14020
In base 10, what is 35279 - 2?
35277
In base 15, what is -3 + -17a2?
-17a5
In base 14, what is 2 + 58d0?
58d2
In base 14, what is b4b + -1?
b4a
In base 4, what is 2 - -220202?
220210
In base 4, what is 12020100 - 20?
12020020
In base 15, what is -a - -5ad?
5a3
In base 2, what is 10101110111 + 10001?
10110001000
In base 5, what is -22224 - -102?
-22122
In base 16, what is 26 - 21?
5
In base 3, what is -1010 + 122211221?
122210211
In base 8, what is -2055 + -33?
-2110
In base 8, what is 5 + 51750?
51755
In base 14, what is -b50 + 4d4?
-65a
In base 6, what is -1 - -143323?
143322
In base 4, what is -2 - -113230332?
113230330
In base 13, what is 5 - -2ba05?
2ba0a
In base 16, what is 19d0 + -16?
19ba
In base 15, what is -80 + -2193?
-2223
In base 12, what is 32 - -b92a?
b960
In base 8, what is -244653 - 7?
-244662
In base 8, what is -375314 + -3?
-375317
In base 3, what is -110102120 + 21?
-110102022
In base 12, what is -3a - 26a4?
-2722
In base 9, what is 1071 - -6?
1077
In base 6, what is 2314 - 12242?
-5524
In base 7, what is 2 + -23363?
-23361
In base 2, what is 101 - -10011010000000?
10011010000101
In base 14, what is 18c1ab - -1?
18c1ac
In base 14, what is 63 + 51b?
580
In base 11, what is 3486a + -3?
34867
In base 2, what is 1000101101101 - 1100?
1000101100001
In base 11, what is 150 + 6562?
6702
In base 11, what is -37 + -19889?
-19915
In base 13, what is -5 + 1810?
1808
In base 11, what is -1 - -48a59?
48a58
In base 16, what is -2 - -591?
58f
In base 7, what is 1 + 51444?
51445
In base 10, what is 41 + 1148?
1189
In base 15, what is 19a4 + 8?
19ac
In base 10, what is -16 + 4536?
4520
In base 9, what is 3 - -702005?
702008
In base 13, what is 2194 + -23?
2171
In base 5, what is -13331031 + -3?
-13331034
In base 9, what is -5 - 748531?
-748536
In base 16, what is -1 + 229f?
229e
In base 6, what is -1005204 + 4?
-1005200
In base 10, what is -380 - -47?
-333
In base 10, what is -4 - -135942?
135938
In base 6, what is -145101 + -141?
-145242
In base 6, what is -11342 - -31?
-11311
In base 4, what is -3002000 + 1?
-3001333
In base 10, what is -330299 + -5?
-330304
In base 9, what is -3782 + -23?
-3815
In base 4, what is 30 - -32132231?
32132321
In base 5, what is -2213030 + -1?
-2213031
In base 3, what is -1102 - -121222120?
121221011
In base 3, what is 10101020002212 - 12?
10101020002200
In base 11, what is -5 + 503a?
5035
In base 13, what is -1b2 + -c4?
-2a6
In base 6, what is 5 - 2131211?
-2131202
In base 10, what is 4131 + -10?
4121
In base 13, what is -143 + -603b?
-6181
In base 14, what is -2190 + -1a?
-21aa
In base 10, what is 8 - 65399?
-65391
In base 4, what is 3332311331 + 11?
3332312002
In base 12, what is -21 - 371b7?
-37218
In base 7, what is -12 + -2201342?
-2201354
In base 3, what is -2010101200 + 1?
-2010101122
In base 15, what is 5 - -526?
52b
In base 12, what is -42a + 320?
-10a
In base 12, what is 90 - 18a?
-ba
In base 8, what is -14 - -14013?
13777
In base 8, what is -33 - -1023?
770
In base 16, what is 2 - 6f5d?
-6f5b
In base 8, what is 207525 + 55?
207602
In base 2, what is 101000000000 + 1100?
101000001100
In base 14, what is 1321 - a?
1315
In base 3, what is -1000100101022 + 10?
-1000100101012
In base 16, what is 2 - 18fc5?
-18fc3
In base 7, what is -2251005 - -5?
-2251000
In base 11, what is 1 + -1913a?
-19139
In base 9, what is -424 - -202?
-222
In base 12, what is -b006 + 6?
-b000
In base 3, what is 22 - 1120201?
-1120102
In base 13, what is 42421 - -7?
42428
In base 2, what is 100101000100010 + -100?
100101000011110
In base 10, what is 103 + -805?
-702
In base 14, what is 24b - 45?
206
In base 2, what is 11 - 10101101101101111000?
-10101101101101110101
In base 4, what is -1320331122 + -11?
-1320331133
In base 12, what is 380294 + -4?
380290
In base 11, what is 25a - -66a7?
6956
In base 8, wha